ppose 2*q = 2 + 14. Let j(g) = 2*g + 22. Let d(h) = 14*h + 137. Let i(z) = -3*d(z) + 19*j(z). Calculate i(q).
-25
Suppose -29 - 7 = -9*i. Suppose 16 = -i*d, 2*c - 1 - 3 = 5*d. Let t be -2 + 27/12 + 18/c. Let n(f) = -f - 1. What is n(t)?
1
Let s(x) be the third derivative of x**5/60 - 13*x**4/8 - 5*x**3/3 - 1126*x**2. What is s(39)?
-10
Let z(f) = 3*f**3 - 16*f**2 + 5*f + 3. Suppose 490 + 90 = 116*c. Determine z(c).
3
Let l(u) = 4*u**3 - 2*u**2 - 5*u. Let a(f) = 5*f**3 - 5*f**2 - 4*f. Let h(d) = -3*a(d) + 4*l(d). Calculate h(-8).
0
Let g(j) be the first derivative of 7/3*j**3 - 3*j**2 - 1/4*j**4 + 56 + 7*j. Give g(5).
27
Suppose 0 = 4*l - j - 183, -18*j + 23*j + 116 = 3*l. Suppose 3 + l = -10*w. Let k(h) = 4*h + 5. Determine k(w).
-15
Let g(t) = -t**3 - t**2 - 2*t + 1. Let j(p) = -1. Let d(z) = -3*z**3 - 10*z**2 - z - 2. Let y(a) = -d(a) + 2*j(a). Let l(s) = 4*g(s) + y(s). What is l(5)?
-6
Let i(u) = -u**3 - 12*u**2 - 2*u - 10. Let j be i(-12). Let d(x) = -4*x**2 + 2 - 11*x + 2*x**2 - j*x + 21*x. Suppose 0*l = l + 4. Calculate d(l).
-14
Let v(d) = -2351*d + 16420. Let h be v(7). Let n(i) = -2*i**2 - 72*i + 75. Give n(h).
1
Suppose 0 = r - 1, 5*r + 70 = i - 23. Let z = 94 - i. Let l(x) = -x**3 - 3*x**2 + 5*x - 2. What is l(z)?
-6
Suppose 0 = -0*q + 3*q + 24. Let z = 197 + -189. Let o(l) = -4*l**2 - 1433 - z*l + 3*l**2 + 1437. Give o(q).
4
Let l(o) = -o**3 - 7*o**2 - 10*o + 2. Let d be l(-4). Let g be (-27)/45 + d/15. Let a(f) = 26*f + 1. Calculate a(g).
-25
Let k(m) = m - 1. Let y(x) be the third derivative of x**3/6 - 121*x**2. Let q = 2 - -2. Let h(r) = q*y(r) + 3*k(r). Calculate h(-2).
-5
Let l(p) = -p**3 - 4*p**2 + 2*p - 6. Let z(c) = -c**2 - c + 2. Let m(d) = -2*d**2 + 7*d + 20. Let j(n) = -m(n) + 3*z(n). Let b be j(-9). Give l(b).
9
Let y(q) = -q**3 - 5*q**2 - q - 16. Suppose -243 = 18*v + 24*v - 33. Calculate y(v).
-11
Let g(f) = -f**3 - 2*f**2 + 2*f. Suppose 10*h - 4*h + 12 = 0. Let p be g(h). Let s(t) = t**2 + 5*t + 5. Give s(p).
1
Let s(m) = 28*m + 2. Let a(d) = 85*d - 5. Let v(o) = a(o) - 3*s(o). Calculate v(-12).
-23
Let v(p) = 3*p**3 - 2*p**2 + 2*p - 1. Let z be -66*-4*(-1)/6. Let q = z + 53. Suppose 0 = 4*x + q*x - 26. What is v(x)?
19
Let r = -30 + 37. Let b be -1*(5 - 17) + 0. Let n(p) = -b + 0*p + p + 12. Calculate n(r).
7
Let d(a) = a**2 - 24*a - 62. Let v be d(25). Let z = 51 + v. Let l(q) = q**2 - 14*q + 5. Calculate l(z).
5
Let n(v) = -v**3 - 10*v**2 + 9*v - 10. Let s = -494 + 681. Suppose -7*h - 10*h - s = 0. Calculate n(h).
12
Let d(b) = b**2 - 2*b + 4. Suppose -47*v + 40*v + 14 = 0. Suppose r - 3*h = 2*r + 6, -3*r - h - v = 0. What is d(r)?
4
Suppose 0*j = -6*j + 12. Let q(g) = j + g + 12*g - 12*g. Determine q(6).
8
Let w(h) be the first derivative of h**2/2 + 42*h - 7740. Give w(-50).
-8
Let b(m) = -m**2 + 37*m + 67. Suppose -14*w = 15*w - 8*w - 819. Determine b(w).
-11
Let b(a) = 2*a**3 + 16*a**2 - 14*a + 34. Let u be (((-2)/(-3))/2)/(5866/(-189) + 31). What is b(u)?
-2
Let a = 309 + -307. Let c(z) = 2*z - 4 + 4 - a + 9*z**2 - z**2 - z**2. Determine c(-2).
22
Let i = -181 + 184. Let m(h) = -21*h - h**2 + 46*h - i - 22*h. Give m(2).
-1
Let q(m) = 7*m + 3. Let n(r) = 63*r + 28. Let v(k) = -3*n(k) + 28*q(k). Let s be v(2). Let w(z) = z**2 - s*z + 3*z + 0 + 3*z + 4. Calculate w(5).
-11
Let l = 230 + -123. Let r = l - 108. Let q(y) = -8*y - 1. What is q(r)?
7
Let d(v) be the third derivative of -v**6/120 - v**5/5 - 17*v**4/24 - 3*v**3 + 5629*v**2. Determine d(-10).
-48
Let j(t) = -261*t + 88. Let a(o) = 294*o - 87. Let s(b) = 8*a(b) + 9*j(b). Give s(-22).
30
Let f(n) = -2*n + 1. Let t(m) = m - 8. Let i = 456 - 462. Let y(l) = i*f(l) - t(l). Determine y(-1).
-9
Let p(t) be the second derivative of -t**4/12 + 13*t**3/3 - 11*t**2 + 603*t. Determine p(25).
3
Let y be 6/2 + (3 - (-7 - -9)). Let x(l) = 3*l + 5 - 6*l + y*l - 2. Calculate x(5).
8
Let n(t) be the first derivative of 5*t**3/3 + 4*t**2 + 5. Let a(z) = 3*z**2 + 5*z. Let v(c) = 8*a(c) - 5*n(c). Let b = -1471 + 1473. Give v(b).
-4
Let s(u) = -5*u - 58. Let v be s(-12). Let l(c) = 2*c + 7 - 8*c + c**2 + 1 - 1. Determine l(v).
-1
Let d be 4/12 - (-1)/(9/6). Let z(f) = -3*f + 0 - f**3 - 9*f**2 + 12*f - d - 2. Give z(-10).
7
Suppose -120*t + 599 = -241. Let w(s) = -s**2 + 10*s + 11. What is w(t)?
32
Let i(r) = r**2 - 13*r + 6. Let q = 104 + 187. Let d = 305 - q. Determine i(d).
20
Let i(t) = 5*t + 61 + 88 + 77 + 4*t - 110. Determine i(-12).
8
Let b(r) be the first derivative of -r**4/4 - 7*r**3/3 - 9*r**2/2 - 12*r + 54. Suppose -7*x - 10*x - 102 = 0. Determine b(x).
6
Let z(t) = -8*t**2 - 10*t - 12. Suppose -3*w = 4*f - 13, -2*w + 5*f = 6*f - 17. Let o(p) = 3*p**2 + 4*p + 4. Let g(b) = w*o(b) + 4*z(b). Determine g(-5).
1
Let r(f) = -3*f**2 + 8*f - 1. Let p(u) = -7*u**2 + 16*u - 5. Let i(j) = -2*p(j) + 5*r(j). Let m = -36 + 45. Give i(m).
-4
Let u(n) = -166*n**2 + 4*n - 4. Let c be u(1). Let d = c + 160. Let z(q) = 2*q. Determine z(d).
-12
Suppose 3*l - 1 = z, -5 = 18*l - 14*l + 5*z. Let n(k) = -k**3 - k - 38. Calculate n(l).
-38
Let g(a) = -2 - 3*a - 4 + 5*a. Let c(y) = 2*y**3 + 11*y**2 - 111*y - 625. Let k be c(-6). Determine g(k).
4
Let v(c) = 1266*c + 4 - 424*c - 418*c - 413*c. What is v(1)?
15
Let i(t) = 5*t + t + 12 - 10*t + 3*t. Let p be ((-2)/(-3))/1 + 712/12. Suppose 6*y + 0*y = p. What is i(y)?
2
Let f(r) = -r**2 + 5*r + 29. Suppose -3859*u = -3813*u + 276. Calculate f(u).
-37
Let r(i) = -i**2 + 1. Let z = 0 - 1. Let y(f) = -f**3 + 3*f**2 - 2*f - 7. Let g = 1116 + -1120. Let c(n) = g*r(n) + z*y(n). Calculate c(-2).
-5
Let u(q) = -8*q**2 - 48*q + 112. Let i be u(2). Let h(r) = -r**2 - 17*r - 19. Calculate h(i).
-3
Let p(t) be the second derivative of t**5/20 + 13*t**4/12 - 5*t**3/2 - 17*t**2/2 - 668*t - 1. What is p(-14)?
-3
Let d(k) = -k**2 + 21*k + 59. Let n(y) = -y**2 - 11*y + 104. Let s be n(5). Give d(s).
-13
Let i(v) be the first derivative of 2*v**2 + 20*v - 319. Determine i(-10).
-20
Let p(g) = 9 - 7 + 1 + 3*g**2 - 5*g**2 - 9*g. Let o be -2*2*(8 + -7). Let r(y) = y**2 + 5*y - 2. Let z(m) = o*p(m) - 7*r(m). Calculate z(2).
8
Let i(d) = -3*d + 5. Let m(g) = -5*g + 5. Let b(x) = -6*i(x) + 5*m(x). Determine b(-8).
51
Suppose 4*s - i - 58 = 0, -3*s = 7*i - 8*i - 44. Suppose 0*b = s*b - 28. Let r(x) = x**3 + 2*x**2 + 2*x - 3. What is r(b)?
17
Let g(q) be the first derivative of 8*q**3/3 - 3*q**2/2 - 5*q - 4533. What is g(-2)?
33
Suppose -6 = 6*o - 0*o. Let j(l) = 2*l - 1. Let i(v) = v**3 + 5*v**2 + 3*v - 3. Let b(d) = o*i(d) + j(d). Calculate b(-5).
7
Let q(t) = -2*t**3 - t**2 - t - 1. Let d(y) = 7*y**3 + 8*y**2 - 4*y + 4. Let z(c) = -d(c) - 3*q(c). Let j(x) = -x. Let r be j(6). What is z(r)?
-7
Let l(k) be the first derivative of k**5/60 - k**4/12 - 5*k**3/6 + 3*k**2 - 3*k - 81. Let x(g) be the second derivative of l(g). Calculate x(3).
-2
Let j = -11 + 13. Suppose -d = j*d - 12. Let q(k) be the third derivative of k**6/120 - k**5/15 - k**4/8 - k**3/3 + 670*k**2. Give q(d).
-14
Let f be 4/(-16)*(8 + 12 - 26). Let p(b) be the second derivative of 0 + 26*b + 1/6*b**4 + 1/10*b**5 + 1/3*b**3 + f*b**2. Determine p(-2).
-9
Let n(k) = -k**2 - 25*k - 22. Let x be n(-13). Let z(m) = 34*m - x + 146 - 33*m. Calculate z(-7).
5
Let n(m) = m + 1. Suppose 4*u - 138 = -2*u. Let o(d) = 22 + 46*d**2 - 22*d**2 + 5*d - u*d**2. Let l(z) = -4*n(z) + o(z). Determine l(0).
18
Let v be (-66)/36*6 + 3 - (0 - 4). Let i(x) = 3*x**2 + 5*x - 4. Determine i(v).
24
Let i(o) = -2*o + 1. Let a = 8 + -5. Let w(k) = 5*k - 29. Let s(h) = -6*h + 34. Let r(f) = -6*s(f) - 7*w(f). Let u(z) = a*i(z) + 4*r(z). What is u(-4)?
7
Let u be 5/(90/4) - 313/(-9). Let p(a) = u*a - 1 + 0 - 17*a. Suppose -5*i - 2*r + 4*r = 3, -4*i + 2*r - 4 = 0. Determine p(i).
17
Let v(u) = 7*u - 53. Let m be (5 + -10 + (-110)/(-20))*20. What is v(m)?
17
Let f = 2519 + -2514. Let c(m) = -14*m + 10. Give c(f).
-60
Let q(c) = 3*c**2 + 3*c. Let g(u) = 64*u**3 - u**2 + 1. Let m be g(1). Let s = m + -4. Let t be -2*(s/8)/5. What is q(t)?
18
Suppose -n + 1 + 16 = 3*h, -4*h - 180 = -5*n. Suppose -19*j = -3*j + n. Let i(z) = -3*z**2 - 2*z - 3. What is i(j)?
-11
Let n(w) = 13*w + 19. Let c be -9 + (8 - 12 - -8) - 1. What is n(c)?
-59
Let z(r) = -4*r**3 - 2 + 0*r**3 + 3*r**2 + r + 3*r**3. Let d = -635 - -641. Let o be (-2)/d*-12 - 1. Cal